ided by l.
0
Let u = 11 - 8. What is the remainder when 21 is divided by ((-6)/(-4))/(u/22)?
10
Let y(i) = -i**3 - 4*i**2 + 8*i + 2. Let r(o) = 2*o - 10. Let s = 11 + 1. Calculate the remainder when y(-6) is divided by r(s).
12
Suppose -5*p + 45 = 2*u, -5*p - 18 = 5*u - 63. Let i = 24 - p. Suppose -5 = f, 2*k - 3*f - 26 = 47. What is the remainder when k is divided by i?
14
Let s(h) = 17*h**2 - 7*h - 6. What is the remainder when s(-2) is divided by 41?
35
Let x = -26 + 42. Let t = 30 + -21. Calculate the remainder when x is divided by t.
7
Let v(r) = 6 - 2 + 4 + r. Let j be v(-8). Suppose -3*o + 7*o - 16 = j. What is the remainder when o is divided by 3?
1
Suppose 0 = -3*g - 3*y + 8*y + 20, -g + 5*y = -10. Suppose 2*h = -6*h + 144. What is the remainder when h is divided by g?
3
What is the remainder when (-12)/(-20)*2*60/9 is divided by 2?
0
Let b(d) = -10*d - 2. Let l be b(-3). Let v = -16 + l. Suppose -w + v = 3*w. Calculate the remainder when 4 is divided by w.
1
Let z be (-4)/3*(-18)/4. Suppose z*b - b - 105 = 0. What is the remainder when b is divided by 8?
5
Suppose 3*n - 179 = -4*u - 2*n, -5*u = -n - 202. What is the remainder when u is divided by 21?
20
Suppose 5*w - 182 = 53. What is the remainder when w is divided by 12?
11
Suppose 6 + 95 = 2*v - 3*x, -155 = -3*v + x. What is the remainder when v is divided by 9?
7
What is the remainder when 59 + -3 + -4 + 4 + 2 is divided by 15?
13
Let g be (0 - (0 - -1))*13. Let z = 0 - g. Calculate the remainder when 23 is divided by z.
10
Let h = -4 + 6. Suppose 0 = -5*y - h*i + 3*i - 88, 2*y = -5*i - 19. Let z = -4 - y. What is the remainder when 37 is divided by z?
11
Let t(y) be the first derivative of -y**2/2 + 23*y - 1. Calculate the remainder when t(0) is divided by 4/(-14) + (-58)/(-7).
7
Suppose 4*w = 40 + 284. Calculate the remainder when w is divided by 21.
18
Let c = -13 + -6. Let b = 35 + c. Let f = b - -4. What is the remainder when f is divided by 7?
6
Let f be (-16)/7 + 10/35. Let r(d) = d. Let n be r(f). Let x = 0 - n. What is the remainder when 2 is divided by x?
0
Calculate the remainder when 2/(-5) - (-1217)/5 is divided by 41.
38
Suppose -36 = -5*q - 1. Let i(c) = -c**3 - 8*c**2 - 8*c + 6. Let x = -10 + 3. What is the remainder when i(x) is divided by q?
6
Calculate the remainder when 19*(-4 + 5) + 1 is divided by 3.
2
Let a(d) = -2*d + 18. Calculate the remainder when 147 is divided by a(-6).
27
Let t(x) = 5*x**2 + 0*x**3 + 2 + 4*x + x**3 + 1. What is the remainder when 12 is divided by t(-2)?
5
Let u be 1/2*-166 + 2. What is the remainder when u/(-2 - -3)*-1 is divided by 21?
18
Suppose -2*x + 5*u + 57 = 0, 2*u - 4 = -4*x + 122. Calculate the remainder when x is divided by 8.
7
Let r = -2 + -2. Let b be 3/(-6)*r - 0. Let w(a) = 2*a**3 - 3*a**2 + 2*a + 1. Calculate the remainder when 26 is divided by w(b).
8
What is the remainder when -1 + 5/1 + (151 - -26) is divided by 14?
13
Suppose -4*j - 36 = -3*x, 0*j + 26 = -3*j + 2*x. Let a = j + 8. What is the remainder when a/9 - 428/(-18) is divided by 13?
11
Suppose -26 = -2*l + 44. Suppose -5*n - c + 32 = -3*n, -5*c = -3*n + l. Suppose -71 = -3*u + 16. Calculate the remainder when u is divided by n.
14
Suppose m - 2 = 27. Let r(w) be the first derivative of -w**2/2 + 19*w - 2. Calculate the remainder when m is divided by r(9).
9
Let n = 60 - 50. Calculate the remainder when 58 is divided by n.
8
Let m(c) = 2*c + 1. Suppose 0 = 4*v - 7 - 5. Suppose -v*h + 4*b + 33 = 2*h, 0 = -b - 2. What is the remainder when m(6) is divided by h?
3
Let i(j) = -5*j - 7. What is the remainder when i(-8) is divided by 17?
16
Suppose b + 6 - 8 = 0. Suppose -b*x + 4 + 4 = 0. What is the remainder when x is divided by 2?
0
Let q(d) = -d + 48. What is the remainder when 82 is divided by q(34)?
12
Let x(p) = 5*p**3 - 1. Let u be -2 + 4 - (-1 - -2). Let m be x(u). Suppose r - 7 = -g - m*r, -g = 3*r - 5. Calculate the remainder when g is divided by 1.
0
Let l(h) = h**3 + 8*h**2 + 2*h + 1. Calculate the remainder when l(-7) is divided by 13.
10
Calculate the remainder when 1/(3195/(-2142) + (-3)/(-2)) is divided by 60.
59
Suppose -2*o = -2*z + 38, 3*z - 67 = -2*z - 2*o. Calculate the remainder when z is divided by 9.
6
Let v(h) = -h**3 - 9*h**2 - 6*h + 9. Let t be v(-8). Calculate the remainder when 13 is divided by t - -4 - 14/(-2).
1
Suppose 4*q - 322 = -10*q. What is the remainder when q is divided by 5?
3
Suppose -4*y + 0*a = -3*a - 45, -2*y + a + 23 = 0. Let z(g) = g**3 + g**2 + 22. Calculate the remainder when z(0) is divided by y.
10
Let z = -105 + 134. Calculate the remainder when z is divided by 7.
1
Let h(w) = -w**3 - 9*w**2 + 8*w + 9. Let d(o) = o**3 + 8*o**2 - 7*o - 8. Let p(t) = 6*d(t) + 5*h(t). Calculate the remainder when 18 is divided by p(-2).
3
Suppose -z + 5*z = 48. Calculate the remainder when 47 is divided by z.
11
Let v = 79 + -41. Suppose -5*h - 3*u + 188 = -u, 3*h - 115 = u. Suppose h + 52 = 5*t + 5*g, 4*t + 3*g = 74. What is the remainder when v is divided by t?
18
Let g be (-62)/(-22) + (-4)/(-22). Suppose g*t = -5*w + 7, -t + w = -0*t - 13. What is the remainder when -26*(-1)/(0 + 1) is divided by t?
8
Suppose -2*c + 9 = -11. Let q = c - 3. Calculate the remainder when 11 is divided by q.
4
Let l(h) = -h - 10. Let v be l(-10). Suppose -a + 3*a - 48 = v. Let u = 41 - a. Calculate the remainder when 33 is divided by u.
16
Suppose -3*i - 4*l = 32 + 23, 3*i = 5*l - 46. Let m = i + 30. Calculate the remainder when 10*(-2)/(-12)*15 is divided by m.
12
Let d = -11 - -15. Suppose 65 = d*g + o - 0, -10 = -2*o. What is the remainder when g is divided by 8?
7
Suppose 0 = g + 3*g - 132. Suppose -3*o - 48 = 5*q + 21, 4*q = 5*o - g. Let k = q - -17. Calculate the remainder when 14 is divided by k.
4
Let x = 3 + -1. Let m = -240 + 243. What is the remainder when m is divided by x?
1
Suppose i - 50 = -q, 0*i + 3*q + 179 = 4*i. Calculate the remainder when i is divided by 24.
23
Let n = 4 - 2. Let o = -19 + 24. What is the remainder when o is divided by n?
1
Let t be (-124)/(-6) - (-6)/(-9). Let d(y) = y**2 - 8. Let o be d(6). Let z = o - t. What is the remainder when z is divided by 5?
3
Suppose 3*m = -c + 56, 2*c = 3*c - 2. What is the remainder when m is divided by 4?
2
Let c(p) = p + 17. Let a be c(-12). Suppose -10 = 2*h, 2*h + 35 = a*r - 15. Calculate the remainder when 22 is divided by r.
6
Let v(y) = y**2 + y. Let h be 2/(-1)*(-1)/2. Let f be v(h). What is the remainder when 2 is divided by (1/f)/(4/8)?
0
Suppose 4*a + 7 = -1, 4*y + 4*a = 36. Let p(w) = w**2 + 13*w + 20. Calculate the remainder when p(-13) is divided by y.
9
Suppose 0 = -4*i + 8, -4*f = -i - 2*i - 146. Calculate the remainder when f is divided by 10.
8
Suppose -2*s + 3 = -1, 10 = 2*t - 4*s. Suppose -w - 4*l - 2 + t = 0, 49 = 2*w + l. What is the remainder when w is divided by 7?
6
Let j(i) = i**3 - 7*i**2 + 9*i - 5. Let o(y) = -y**3 + 6*y**2 - 10*y + 4. Let m(p) = -3*j(p) - 2*o(p). Calculate the remainder when 28 is divided by m(8).
13
Let d(u) = 5*u**2 - 1. Let r be (-1)/((-2 - -4)/(-2)). Let i be d(r). Let h = i - -9. Calculate the remainder when 24 is divided by h.
11
Let y(v) = -v**3 + 3*v**2 - 2*v - 4. Let s be y(3). Let p be 5/(s/4)*2. What is the remainder when 5 is divided by 1 - 0 - (3 + p)?
1
Let x be 19 - 1/(3/9). Let v = 27 - x. Calculate the remainder when 42 is divided by v.
9
Suppose -3*h + 4*p + 14 = 0, h + h - 4*p = 4. Let r = h + 24. Calculate the remainder when r is divided by 9.
7
Suppose -4*j + 10 = -3*j. What is the remainder when 48 is divided by j?
8
Let y = 291 + -185. What is the remainder when y is divided by 27?
25
What is the remainder when ((-48)/(-14))/((-1)/(-7)) is divided by 13?
11
Let j(z) = 4*z**2 + 5*z - 5. What is the remainder when j(4) is divided by 27?
25
Let j = -4 - -4. Let b = j - -3. Calculate the remainder when ((-20)/b)/((-2)/6) is divided by 7.
6
Let l(u) = 7*u. Let f(o) = -o**2 + 1. Let h be 0*(-2 + (-6)/(-4)). Let r be f(h). Calculate the remainder when l(r) is divided by 2.
1
Let h be (-1)/(-2) + (-174)/(-4). Suppose 0*o = o + 2*r - 12, 0 = -r - 1. Suppose -h = -2*f + o. Calculate the remainder when f is divided by 10.
9
What is the remainder when 2/5 + (-672)/(-70) is divided by 3?
1
Suppose 0*y + 3*y = 183. Suppos